rue
Is 46622437811 a prime number?
True
Is 115345995421 a prime number?
True
Is 3629702269 a composite number?
True
Is 3574129607 composite?
False
Is 6310020103 prime?
True
Is 45885029 a composite number?
True
Is 66312213137 prime?
False
Is 731936081 a composite number?
True
Is 651257479 composite?
True
Is 10357695113 a composite number?
True
Is 38480324621 composite?
True
Is 4728104197 composite?
False
Is 28236721729 a prime number?
True
Is 1985920886 composite?
True
Is 23243237569 a prime number?
True
Is 1787380919 a composite number?
True
Is 26903351 a composite number?
True
Is 4187206379 composite?
False
Is 326026321 composite?
False
Is 1374825307 prime?
True
Is 932125783 prime?
False
Is 5512837223 a composite number?
True
Is 652920889 composite?
True
Is 267964357 composite?
False
Is 2748354949 a composite number?
True
Is 21418179749 composite?
True
Is 14851994141 composite?
True
Is 3513977 a prime number?
True
Is 124791369961 composite?
False
Is 237065537 prime?
True
Is 81506111 a composite number?
True
Is 9906619277 composite?
False
Is 9927632629 a prime number?
True
Is 3350562101 prime?
False
Is 75591207493 a composite number?
False
Is 7524399107 prime?
True
Is 10487116711 a prime number?
True
Is 115952493857 a composite number?
False
Is 2207498567 composite?
True
Is 71855286467 a prime number?
False
Is 59328994667 prime?
False
Is 108099031 a prime number?
False
Is 3664278899 composite?
True
Is 2155569157 composite?
True
Is 567738211 a composite number?
True
Is 12666231551 a prime number?
False
Is 6533289083 composite?
False
Is 211409617 prime?
True
Is 6537914683 a composite number?
True
Is 20616745693 a composite number?
False
Is 1394307763 a composite number?
False
Is 271479727 a composite number?
True
Is 315595853 a composite number?
True
Is 477074627 a composite number?
False
Is 4616653633 prime?
False
Is 3335726951 a composite number?
True
Is 2331495137 a prime number?
True
Is 14046237061 a prime number?
False
Is 22550341657 a prime number?
False
Is 1161145127 a prime number?
True
Is 294813433 composite?
False
Is 586316713 a prime number?
False
Is 766567139 a composite number?
True
Is 550601503 composite?
False
Is 53745244829 a prime number?
True
Is 40031615807 a composite number?
False
Is 8617053301 a composite number?
True
Is 4577183629 a prime number?
True
Is 10846714691 prime?
True
Is 2975149487 a prime number?
True
Is 1001930827 a prime number?
True
Is 105973757 prime?
True
Is 1132939903 a prime number?
True
Is 2698930601 a composite number?
True
Is 2515900453 a prime number?
False
Is 20016738193 composite?
False
Is 249063863 a prime number?
False
Is 4148867134 composite?
True
Is 201105857 a prime number?
True
Is 4484238407 a prime number?
False
Is 1957160201 prime?
False
Is 74588593939 a prime number?
True
Is 342497161 a prime number?
False
Is 19541057647 a composite number?
True
Is 13610589511 a composite number?
False
Is 12333660997 a prime number?
False
Is 794476063 a prime number?
True
Is 31493851 a prime number?
True
Is 31679971 composite?
False
Is 16946081827 a prime number?
True
Is 585121387 composite?
False
Is 44670619781 composite?
False
Is 1516149713 composite?
True
Is 1353685603 composite?
False
Is 38769192377 composite?
False
Is 57591559 a composite number?
False
Is 69975497 a composite number?
True
Is 15261538109 a prime number?
True
Is 87102843 a prime number?
False
Is 9911992263 composite?
True
Is 17157629743 prime?
False
Is 179152433 composite?
False
Is 33817446697 a prime number?
True
Is 9449654771 composite?
False
Is 31380321923 prime?
False
Is 516930749 composite?
False
Is 16873543 composite?
False
Is 67985927 a prime number?
True
Is 18614966531 prime?
False
Is 19829183477 prime?
True
Is 826037867 composite?
False
Is 5927245897 composite?
False
Is 1129140979 composite?
False
Is 292503181 prime?
False
Is 82642706423 a prime number?
False
Is 302828719 composite?
True
Is 189218087 prime?
True
Is 376980217 a composite number?
False
Is 3390494669 composite?
True
Is 2263098391 prime?
False
Is 5164496411 composite?
True
Is 224627841899 a prime number?
True
Is 11541318193 composite?
True
Is 78701792401 a prime number?
False
Is 164721527 composite?
False
Is 64769868463 a prime number?
False
Is 87927916901 prime?
False
Is 109691729 prime?
False
Is 16688939 a composite number?
False
Is 342967033 a prime number?
False
Is 271083119 composite?
True
Is 25160392787 composite?
False
Is 23214921311 composite?
False
Is 689465921 prime?
False
Is 140101889 a composite number?
False
Is 72975082937 prime?
True
Is 372773647 a prime number?
False
Is 21899572933 a composite number?
True
Is 10620505697 a prime number?
True
Is 1451179151 a prime number?
True
Is 3553852297 a prime number?
False
Is 40146084677 composite?
True
Is 4313831579 composite?
False
Is 104438977927 composite?
False
Is 28763693053 a prime number?
True
Is 52160447747 a composite number?
True
Is 45897197 a composite number?
False
Is 972511457 a composite number?
True
Is 2804750161 a prime number?
False
Is 3113613541 composite?
False
Is 14107071191 composite?
True
Is 770630597 a prime number?
False
Is 1856935907 a prime number?
True
Is 2698383341 a composite number?
False
Is 36507188489 a composite number?
False
Is 94900954219 a composite number?
False
Is 148471517 prime?
False
Is 1127171389 composite?
False
Is 22928040559 a composite number?
True
Is 105840769 a composite number?
True
Is 29194951 prime?
False
Is 11146234903 composite?
True
Is 10716056851 a prime number?
True
Is 22119530189 a prime number?
False
Is 3515811053 prime?
False
Is 2650656971 a composite number?
True
Is 5754860269 composite?
False
Is 69783090827 composite?
False
Is 35614047211 a composite number?
False
Is 6572089633 a composite number?
False
Is 4782828469 prime?
True
Is 4398829567 a composite number?
True
Is 3311340343 a prime number?
True
Is 1168073401 composite?
True
Is 151517963 a composite number?
False
Is 2038648549 a composite number?
True
Is 1159051139 composite?
True
Is 59558459771 a composite number?
True
Is 1064888771 prime?
False
Is 35777331089 a composite number?
False
Is 206829442 a prime number?
False
Is 35715401 a composite number?
True
Is 50147567 a prime number?
False
Is 9645589783 a composite number?
False
Is 122291545 a composite number?
True
Is 1071239093 prime?
True
Is 87447203 a prime number?
True
Is 111815501041 a composite number?
True
Is 10065550763 composite?
True
Is 73440260027 a prime number?
False
Is 646902001 prime?
True
Is 2167397459 prime?
False
Is 2247336857 a prime number?
True
Is 48669927 prime?
False
Is 16235728547 a prime number?
False
Is 8719119667 prime?
False
Is 16792935853 a prime number?
True
Is 20185104169 a prime number?
True
Is 2889125977 a prime number?
False
Is 1304533421 a composite number?
False
Is 13731572549 composite?
True
Is 526165187 a composite number?
True
Is 725223449 a composite number?
True
Is 5487737857 prime?
False
Is 753978649 a composite number?
True
Is 623159753 a prime number?
True
Is 43689922981 composite?
False
Is 5024572279 prime?
True
Is 503086657 composite?
False
Is 186449929 prime?
False
Is 325504783 a composite number?
False
Is 548065207 prime?
True
Is 9424062181 a composite number?
False
Is 4789489279 composite?
True
Is 2448993013 a composite number?
True
Is 31569047491 a prime number?
True
Is 1118062033 a prime number?
False
Is 5441985611 a prime number?
False
Is 307840601 composite?
False
Is 7992657047 a composite number?
False
Is 607227133 composite?
True
Is 13437642637 composite?
True
Is 48024160819 prime?
False
Is 38951963311 prime?
False
Is 7187153093 a prime number?
True
Is 62716966327 prime?
True
Is 169117709 prime?
True
Is 54588514499 a prime number?
True
Is 16583339 a prime number?
False
Is 39864064769 prime?
True
Is 24914253281 prime?
False
Is 2154760367 composite?
False
Is 3241311167 prime?
True
Is 916045583 a prime number?
False
Is 101025959 composite?
True
Is 14662628873 a composite number?
True
Is 399859847 prime?
True
Is 16856050133 a prime number?
False
Is 50785865887 a prime number?
False
Is 22868159 a prime number?
True
Is 256389469 prime?
False
Is 4461095447 prime?
True
Is 192865425107 a prime number?
False
Is 4116943163 a composite number?
False
Is 785637329 prime?
True
Is 15813195137 composite